 divisor of r and q?
75
Suppose -3*p + 6*p - 9 = -3*w, -p = -1. Suppose -o - 31 - 3 = -w*b, 28 = 2*b - 4*o. What is the highest common factor of 198 and b?
18
Suppose 26*h + 9 = 29*h, 3*d - 120 = -4*h. What is the highest common divisor of 60 and d?
12
Let z be 5/((-90)/123)*(-183 - -171). Suppose -4*j + 289 = 2*l + 63, 4*l + 2*j - 482 = 0. What is the greatest common factor of z and l?
41
Suppose y - 5*x + 612 - 719 = 0, -435 = -5*y + 5*x. What is the greatest common divisor of y and 779?
41
Suppose -27*t + 183 = -276. Suppose 3780 = t*z - 8*z. What is the highest common divisor of 60 and z?
60
Let p = -12 + 69. Let w = p - 49. Suppose -o = 3*o - w. Calculate the highest common factor of o and 2.
2
Let p be (-90)/(-4) - 8/(-16). Let y = 7 - -21. Suppose 552 = -24*o + y*o. Calculate the highest common factor of o and p.
23
Suppose -28*h = -30*h + j + 534, 24 = 4*j. What is the highest common factor of 2115 and h?
45
Suppose -21*h + 174 - 741 = 0. Let l be h/(-3) - (-6)/36*-6. Calculate the greatest common factor of l and 68.
4
Let a(g) = 5*g**2 - 4*g. Let r be a(-2). Suppose 2*y - b = 2*b, -4*b = y. Suppose y = -28*d + 26*d + 28. What is the greatest common divisor of d and r?
14
Let b(n) = n**3 + 2*n**2 - 3*n - 1. Let q(s) = 4*s**3 - s**2. Let x be q(1). Let h be b(x). Calculate the highest common divisor of 21 and h.
7
Let s be -6 + (-7 - 9)/(1/(-2)). Suppose -c - 3*d = -s, -9*c - 4*d + 48 = -7*c. What is the greatest common divisor of c and 330?
10
Suppose 72*n + 57*n - 9506 - 33322 = 0. Calculate the greatest common divisor of 64 and n.
4
Suppose y - 2*b = -318, 0 = -6*b + 2*b + 12. Let w be 3/((y/(-3344))/13). Let l be ((-3)/2)/((-6)/152). What is the greatest common divisor of l and w?
38
Let c = 653 - 656. Let p be (-16)/c*(-1239)/(-236). What is the greatest common divisor of p and 70?
14
Let j(w) = 228*w - 1049. Let i be j(12). What is the greatest common factor of 42 and i?
7
Suppose -6273*q = -f - 6275*q + 1268, 2*q = 14. What is the greatest common divisor of f and 143?
11
Let t(d) = -21 + 17 + 3*d - 2*d. Let z be t(7). Suppose 168 = -z*k + 15*k. What is the greatest common factor of 98 and k?
14
Suppose -846 + 849 = s. Let i be 5 + (-4)/(-12)*0. Suppose -20 = -i*k + 25. What is the greatest common factor of s and k?
3
Suppose 0 = 29*o - 32*o + 141. Suppose s + o = v, 23*s - 217 = -5*v + 19*s. Calculate the highest common factor of v and 36.
9
Suppose -4 = 9*n + 32. Let w be n/10 - (-357)/105. Suppose 0 = -4*p + 5*m + 95, -p + w*p = 5*m + 55. Calculate the highest common factor of p and 120.
20
Let q = 809 - 2491. Let o be q/(-7) + (-3 - 19/(-7)). What is the highest common factor of 36 and o?
12
Let v = 0 + 1. Let b be (-126)/(-18) - (8 + -4). Suppose 4*s - 7*i + b*i - 12 = 0, 2*i = -2*s - 2. What is the highest common factor of v and s?
1
Suppose -5*q - 4 = 1. Let n be (3/q)/(4496/900 + -5). Calculate the greatest common divisor of n and 27.
27
Let k(h) = h**2 + h - 339. Let o be k(19). Let l(n) = n**3 + 12*n**2 + 3*n - 6. Let x be l(-10). Calculate the greatest common factor of x and o.
41
Suppose 2*x - 23 - 123 = 3*g, 3*x = -3*g + 204. Suppose 119*y + x = 120*y. Calculate the greatest common divisor of 14 and y.
14
Suppose -38047 = -57*k - 10972. What is the highest common divisor of k and 275?
25
Let w be 4335/85*(5/3 + 2). What is the greatest common factor of 238 and w?
17
Suppose 2*m = v - 5 + 106, 4*m + 4 = 0. Let n = v + 194. Let x be 121/((-6050)/(-60))*325/10. Calculate the greatest common divisor of n and x.
13
Let b(z) be the first derivative of -7*z - 21*z**2 + 43*z**2 - 30*z**2 + 4. Let l be b(-2). What is the highest common divisor of l and 25?
25
Let i be ((357/(-9))/(-7))/(2/30). What is the highest common divisor of 153 and i?
17
Let z(m) = -55*m - 27. Let l be z(-1). Calculate the greatest common factor of 1442 and l.
14
Suppose 75*t - 71*t + 128 = 12*w, 0 = 4*w - 2*t - 46. What is the highest common factor of 81 and w?
9
Let f = -2742 - -2772. Let h be ((-4)/(-3))/(2/60). Calculate the highest common factor of h and f.
10
Let q = -29102 - -29150. What is the highest common divisor of 30 and q?
6
Let a(z) = 12*z**2 - 118*z - 1196. Let m be a(-13). What is the highest common factor of 98 and m?
14
Suppose -478 = 130*k - 4378. What is the highest common divisor of k and 465?
15
Let l be 4602/177 - 1/(0 - (-2)/4). Let h be 1874/6 - 2/6. Calculate the greatest common factor of l and h.
24
Suppose 128 = 34*v - 858. Suppose -271 = v*n - 1315. What is the highest common factor of n and 162?
18
Let l(q) be the third derivative of 0 + 1/3*q**3 + 13*q**2 + 0*q - 1/12*q**4. Let y be l(-11). What is the highest common divisor of y and 48?
24
Let o(l) = 5*l - 6. Let s be o(6). Suppose s = -4*j + 4. Let d = j + 10. What is the highest common divisor of d and 55?
5
Let f be (0 + -3 + (-16)/(-6))*-6. Let w(t) = 12*t**2 + 2*t. Let x be w(f). What is the greatest common factor of 39 and x?
13
Let c = -101 + 229. Suppose -105 = -n - 5*b + c, 0 = -2*n + 4*b + 522. Calculate the highest common factor of n and 23.
23
Let u be (((-98)/21)/14)/((-14)/8568). What is the greatest common factor of 2686 and u?
34
Let m(n) = n**3 + 7*n**2 - 21*n + 6. Let c(j) = j**2 + j + 1. Let a(h) = 6*c(h) - m(h). Let q be a(-6). Calculate the greatest common divisor of q and 27.
9
Suppose -2*h = 5*x - 100, 3*h = 16*x - 12*x + 242. Let p be -2*(933/(-6) - 2). Calculate the highest common divisor of h and p.
35
Let m = 39 - 39. Suppose m = -26*k + 21*k + 20. Suppose -27 = -k*u - 3*i, 3*i = -u + i + 13. What is the highest common divisor of u and 33?
3
Let f = 586 - -8669. What is the highest common divisor of f and 60?
15
Let i be -131 - 3/((-6)/3 - -1). Let h = i + 145. Calculate the greatest common factor of h and 34.
17
Let j be -6 + 8 + 4 + -1. Suppose 0 = -y - o + 6 + 3, -j = -y - 5*o. Suppose y*g = 7*g + 462. What is the highest common divisor of g and 14?
14
Let y be 2/17 + (-11)/((-187)/(-2)). Suppose -b = y, 4*t - 4*b + 2*b = 112. Calculate the greatest common factor of t and 8.
4
Let u(c) = -2*c - 28. Let g be u(-14). Let m be -4 + 24 + -2 + g. Let l be (m/(-21))/(1/(-56)). Calculate the greatest common factor of 32 and l.
16
Let i(z) = 2*z**2 - 5*z - 94. Let j be i(8). Let b be (-2)/(-6) + 1/(j/(-2218)). Calculate the greatest common factor of 148 and b.
74
Let q(k) = 35*k + 80. Let f be q(-17). Let z = -374 - f. What is the highest common divisor of 376 and z?
47
Let x be 569/(12/5952*16). What is the highest common factor of x and 31?
31
Suppose 663*y = 687*y - 1512. What is the greatest common factor of 3087 and y?
63
Suppose f - 143 = -2*j, -5*f + 160 = 5*j - 195. What is the greatest common factor of 2844 and j?
36
Let q(y) be the second derivative of -y**4/4 + 3*y**3 - 11*y**2/2 - 10*y. Let j be q(5). Suppose j*m = 6*m - 18. What is the highest common divisor of 36 and m?
9
Let w(i) = -i**3 - 12*i**2 - 36*i + 14. Let o be w(-8). What is the highest common divisor of o and 1702?
46
Suppose -165*l + 159*l + 474 = 0. What is the highest common divisor of 6241 and l?
79
Let a = -83596 + 137339. Calculate the greatest common factor of 223 and a.
223
Suppose c + 10 = -5*k, 5*k - c - 1 = -11. Let n be (68/170)/(k/50). Let h(s) = 5*s + 62. Let q be h(n). What is the highest common factor of q and 48?
12
Let r(c) be the first derivative of -c**4/2 + 7*c**3 + 13*c**2/2 - 11*c - 61. Let d be r(11). What is the greatest common factor of d and 473?
11
Let p(i) = -4*i + 7. Let y be p(3). Let j(l) = l**2 + l - 9. Let q be j(y). Let a = 23 - q. What is the greatest common factor of a and 8?
4
Suppose -220 = -i + 5*b, -3*i + 59*b + 584 = 63*b. What is the highest common factor of 160 and i?
40
Suppose 4*b - 17929 + 3819 = 2*z, -b + 3*z = -3525. What is the greatest common factor of b and 112?
56
Let t be (-30)/7*(1 + -8). Let v be (-264)/t*(-5)/2. Let o = 341 + -143. Calculate the highest common divisor of o and v.
22
Suppose -334 = -4*w - 138. Suppose 0 = -3*h - 0*h - 5*m + w, m + 1 = 0. What is the highest common divisor of h and 81?
9
Let x(o) = 8*o**2 - 61*o + 600. Let g be x(30). Calculate the highest common factor of g and 20.
10
Let x be (-7 - -7)*((-28)/8 - -3). Suppose x = -278*q + 281*q - 126. What is the highest common divisor of q and 42